5*f + 105. Let g = -19 - f. Is 13 a factor of g?
False
Suppose 0 = -2*f - 3*t + 241, 3*f + t = 4*t + 384. Is 25 a factor of f?
True
Let c(h) = -h**2 + 10*h + 38. Is c(11) a multiple of 27?
True
Let d be (-11)/(11/(-150)) + 2. Suppose 8*v - 3*v = 5*r - 160, -4*v + d = 4*r. Is r a multiple of 18?
False
Let s = 14 + -10. Suppose -4*v - 10 = -2*v + s*a, -5*v + 3*a = -27. Is v a multiple of 3?
True
Suppose -4*o - 6 = -v, -5*v + o - 27 = -0*o. Is (-136)/(-3) + v/18 a multiple of 15?
True
Suppose 9*p - 129 = 15. Is p a multiple of 16?
True
Is (-333)/(-4) - ((-5)/(-20) - 0) a multiple of 12?
False
Suppose 4*k - 156 = -0*k. Is 13 a factor of k?
True
Let g = 0 + 6. Let y = -4 + g. Suppose -26 = -y*p + p. Is p a multiple of 13?
True
Let n(j) = -j**2 - 20*j - 15. Is n(-15) a multiple of 15?
True
Suppose 2*r = 7*r - 315. Is 21 a factor of r?
True
Suppose 3*x = -0*x + 9. Suppose 5*d = 2*w + w + 56, -x*w + 44 = 5*d. Is d a multiple of 10?
True
Is (27/12)/(6/16) a multiple of 2?
True
Let v(m) = -m**3 - 5*m**2 + 6*m - 7. Let p be v(-6). Let u = p - -11. Is u a multiple of 4?
True
Let o = 3 - 0. Suppose 0 = -o*r + r + 10. Suppose -13 + r = -2*l. Is 4 a factor of l?
True
Suppose 0 = -3*r + 5*l + 981, -4*r + 0*l + 1308 = 2*l. Is 41 a factor of r?
False
Let w(s) = -s**3 + 6*s**2 + 8*s - 8. Is 31 a factor of w(6)?
False
Let j(w) = -2*w + 2. Let b(h) = 3*h - 3. Let r(q) = 5*b(q) + 8*j(q). Is 6 a factor of r(-11)?
True
Suppose 2*y + 5*k - 25 = 0, 0*y + 3*k = -y + 11. Is y a multiple of 12?
False
Let t(x) = x**3 + 9*x**2 + 6*x + 12. Let d be t(-8). Let h = -20 + d. Does 4 divide h?
True
Let q be -2 + (2 - 0 - -1). Let h be -3*q*6/9. Is (-37)/(-3) - h/3 a multiple of 7?
False
Suppose 2*f = -6, -21 = -3*v - 3*f + 6. Is v/((-7)/10 - -1) a multiple of 20?
True
Let v = 1 - -3. Let y(f) = -f**3 - 4*f**2 - 3*f + 3. Let m be y(-3). Suppose -k + 55 = m*t - 3*k, -3*k = -v*t + 75. Is t a multiple of 13?
False
Let h(o) = -o**3 - 7*o**2 - 5*o + 6. Let i be h(-6). Suppose 0 = -2*j - i*n - 5*n + 84, -140 = -4*j - 3*n. Is 9 a factor of j?
False
Let z(o) = 0*o**2 + o**3 + 0*o**2 - 5 - 6*o - o**2 - 2*o**2. Let a be z(6). Suppose -c + l + 35 = 0, -2*c + l + 0*l = -a. Is c a multiple of 11?
False
Let k(g) = -g**2 + g + 14. Suppose 5*z + 3*w = -3, 2*z - 6*z + 4*w + 4 = 0. Is 4 a factor of k(z)?
False
Let y(a) be the second derivative of -a**4/12 + a**3/6 + 5*a**2/2 - 2*a. Let k be y(0). Is (3 - (-2 + k)) + 15 a multiple of 4?
False
Suppose -4*z + 7 - 27 = 0, 4*o = 5*z + 37. Suppose o*s = 7*s. Suppose -3*d + 55 = 4*b, 4*b = 2*d - s*d + 50. Is 8 a factor of b?
False
Suppose 0*p - v - 242 = -3*p, 2*p - 4*v = 158. Does 21 divide p?
False
Let l(s) = -3*s + s**3 + s**3 + s + s**2 + 1 + 0*s**3. Let j be l(1). Is 2 a factor of -1*j*(-9)/6?
False
Let u(s) = -s**2 - 4*s + 2. Let i be u(-5). Let h(j) = j - 3. Let c be h(5). Let w = c - i. Is 5 a factor of w?
True
Let b be (-10)/4*8/(-10). Suppose 0 = -0*i - i + 2. Suppose 2*s - 72 = -i*w, 4*w - b*w - 2*s = 52. Does 18 divide w?
False
Suppose 5*j - 2*z - 26 = 0, 3*j = 4*z + 5 + 5. Suppose 0 = -o - l + 6, -2*o + j = -l + 3. Suppose 4 = -o*w + 13. Is w a multiple of 3?
True
Let c(u) = 8*u + 3. Does 5 divide c(2)?
False
Let d = 14 - 12. Suppose w - 120 = -d*w. Is w a multiple of 11?
False
Let t(r) = -r**2 - 12*r - 6. Is t(-7) a multiple of 8?
False
Suppose 5*k - k = 8. Suppose k*u = -u + 27. Does 2 divide u?
False
Let b be 0/(2 + -5 - 0). Does 4 divide b + -3 + 18/2?
False
Let b = -202 - -310. Does 36 divide b?
True
Let i(j) = -j + 5. Let g(o) be the third derivative of -o**6/120 + o**5/12 + o**4/6 + 4*o**3/3 - o**2. Let n be g(6). Is i(n) a multiple of 5?
False
Suppose 984 = 4*d - 4*r, 2*d + 14*r - 495 = 13*r. Is d a multiple of 19?
True
Let x = -4 - -4. Suppose x = 3*b - b - 12. Suppose 5*v + 6 = b*v. Does 3 divide v?
True
Let y(b) = -b**3 + 6*b**2 - 6*b. Let q be y(4). Let w = q + -5. Suppose w*h + 3*j - 127 = h, 191 = 3*h + 4*j. Is 25 a factor of h?
False
Let h(b) = -29*b + 2. Is 13 a factor of h(-1)?
False
Let h(n) = -n**2 - 6*n - 5. Let c be h(-4). Let k(t) = -4*t + c - 4*t - t. Does 19 divide k(-5)?
False
Let a = 1 - 4. Let j be (7 + -4)/(a/(-5)). Suppose -30 = -4*w - 3*y + 100, j*y + 44 = w. Is w a multiple of 17?
True
Let s = 212 - 36. Suppose 0*p = 4*p - s. Is 12 a factor of p?
False
Let f be (8/10 - 0)*-15. Let n(u) = -4*u - 18. Does 15 divide n(f)?
True
Suppose -5*l + 3*l = -8. Let u be 108/20 - l/10. Suppose -5*o - 3*k = -2*o - 36, u*o + 3*k = 50. Is o a multiple of 7?
True
Suppose -p = -8 - 5. Is p a multiple of 3?
False
Suppose -2*l + 29 = -1. Suppose -2*h + l = 3*h. Suppose -2*m - 5*q = -36, -h*m - 5 = -5*q - 34. Is m a multiple of 13?
True
Let n(o) = 2*o - 5. Let s be (-4)/2 - (-10 + 3). Does 2 divide n(s)?
False
Is 5 a factor of (-8)/(-44) - 152/(-11)?
False
Let f(z) = 6*z - 1. Let q be f(1). Let b = 35 + -12. Suppose -b = -x - 0*x - q*h, -5*x - 4*h = -157. Does 11 divide x?
True
Let i be (-2)/(-8) - 7/(-4). Let y = -97 - -139. Suppose -y = -4*s + i. Is s a multiple of 6?
False
Suppose 0 = -6*w + 5*w - 57. Is 17 a factor of (-3)/(-4 - -3) - w?
False
Suppose -2*o + 3*o - 4*c - 26 = 0, 2*o - c - 87 = 0. Is o a multiple of 6?
False
Let g(i) = 10*i - 6. Let m(x) = 2*x - 1. Let b(j) = 2*g(j) - 11*m(j). Does 10 divide b(-7)?
False
Let s(k) = -25*k - 1. Suppose -11 = 5*c - 2*w, 2*c + 2*c - w = -7. Is 12 a factor of s(c)?
True
Let o = -1 + 5. Suppose 3*t = d + 15, o*t - 2 = -5*d - 1. Is t even?
True
Let x = -78 + 51. Let l be (-6)/(-1)*x/18. Is 7 a factor of (-21)/(-4)*(-24)/l?
True
Suppose 484 = 4*s - 3*l - 0*l, 5*l = -3*s + 334. Is 27 a factor of s?
False
Suppose 4*r - 20 = 0, -x - 3*r + 35 = -2*r. Is 15 a factor of x?
True
Let x(g) = g**3 - 2*g**2 - 3*g - 3. Is 17 a factor of x(4)?
True
Suppose -22 = -3*b + 11. Suppose 0 = 6*q - 8*q + 30. Suppose -b = -j + q. Does 10 divide j?
False
Let t be 1 - 1 - 0/(-7). Let i = t - -19. Suppose 0 = 5*a - 25, b - 5*a - 3 = i. Does 16 divide b?
False
Let m = -450 - -731. Does 16 divide m?
False
Let x(p) = -p - 2. Let d be x(-6). Suppose d = -0*y - 4*y. Is y*1*(4 + -21) a multiple of 10?
False
Suppose -3*r + 5*r = 6, 2*t - r - 11 = 0. Suppose 0 = -4*j + t*d - 2*d + 59, j - d - 15 = 0. Is j a multiple of 16?
True
Suppose 2*m = -3*m + 45. Let q = m - -23. Is q a multiple of 16?
True
Let g(c) = c**2 + 14. Let u be g(0). Suppose 4*s + 70 = 5*l - 0*l, -2*s = l - u. Suppose 0 = o + 4 - l. Does 10 divide o?
True
Let j(p) = -2 + 17*p**2 - 6*p**2 + 1. Let v = 2 + -3. Is j(v) a multiple of 6?
False
Let a(d) = 2*d**2 + 6*d + 4. Suppose i + i = -8. Let u be a(i). Let c = u + -6. Does 6 divide c?
True
Does 11 divide 75/7 - 8/(-28)?
True
Suppose -2*o + 275 = 5*a, -269 = -2*o - 2*a + 3*a. Is 8 a factor of o?
False
Suppose 0 = 3*t - 3*m - 240, -3*t + 6*m = m - 244. Is 28 a factor of t?
False
Suppose -5*r - 4*w = 4, 3*r + 2 + 2 = -4*w. Suppose g + r*b - 3 = -b, 2 = 4*g - b. Let h = 14 + g. Does 9 divide h?
False
Suppose 3*r = a - 28, 3*a - 3*r = a + 53. Does 9 divide a?
False
Let a be 57/(-2 - (-7)/2). Let t be a + 0 + (-3 - -1). Suppose 2*h = -2*l + 76, -3*h - 5*l = -82 - t. Is h a multiple of 16?
False
Suppose -4*j = -j - 117. Suppose 30 = -4*r - 14. Let g = j + r. Is 14 a factor of g?
True
Let w(t) = t**3 - 4*t**2 - 2*t - 7. Let j be w(5). Let a = j + -2. Is 3 a factor of a?
True
Let d = -3 - 8. Let q = d + -8. Let m = q - -49. Does 16 divide m?
False
Is 8 a factor of 3 + -6 + (-13 - 2)*-1?
False
Let f be (12/(-10))/((-16)/40). Let l(x) = 2*x**3 - 3*x**2 + 3*x - 4. Does 9 divide l(f)?
False
Let v be 6/(-4) + 26/4. Suppose 5*p + 45 = v*c, 0*p = -3*p + 5*c - 31. Does 2 divide p/21 - (-32)/6?
False
Suppose 0 = -r + 4*b - 7*b + 216, -5*r - 5*b + 1080 = 0. Is 36 a factor of r?
True
Is 42/(5/(-15)*-6) a multiple of 9?
False
Let q(a) = 8*a + 1. Let i be q(-5). Let o = i + 58. Is 5 a factor of o?
False
Let d be (-162)/(-21) - 6/(-21). Let u be (-4)/d - (-514)/4. Does 11 divide (-6)/(-9) - u/(-6)?
True
Let i(c) = 2*c**2 + 5*c - 10. Let p be i(-8). Does 13 divide p/(-4)*14/(-7)?
True
Let g = -2 + 3. Does 13 divide 2 - (g + 25*-1)?
True
Let q(j) be the third derivative of -j**6/120 - j**5/10 + j**4/8 + 2*j**3/3 + 3*j**2. Let o be q(-7). Suppose -13 = -3*z + o. Is z a multiple of 4?
False
Suppose 5*j - 397 = -102. Suppose 4*r 